he remainder when 18/1 + 208/52 is divided by 17.
5
Let p = -1359 - -1434. Calculate the remainder when p is divided by 8.
3
Suppose 0 = -4*k + 3 + 17. Suppose 0*z - k*n = 4*z - 335, 0 = -z - 3*n + 89. What is the remainder when z is divided by 28?
24
Let s = -328 + 338. What is the remainder when 344 is divided by s?
4
Let q be 11/(-22) - (-34)/4. Let g be -2 + q - (-7 + 7). Let n(i) = -i**2 + 9*i - 8. Calculate the remainder when 19 is divided by n(g).
9
Let t = 36 + -33. Suppose -s - t - 1 = 0, -h = -s - 17. Calculate the remainder when 77 is divided by h.
12
Let n(q) = q**3 - 2*q**2 - 6*q + 4. What is the remainder when -2*(-4 - 33) + (-1 - 2) is divided by n(4)?
11
Let q = -111 + 61. Let w = 79 + q. Calculate the remainder when 84 is divided by w.
26
Suppose 6*c = -14 + 38. Suppose 4*u + 24 = 8, -5*d + c*u = -66. What is the remainder when 29 is divided by d?
9
Suppose -o + 16 = 3*o. Suppose -o*s = -4*l - 12, s - 8 = -s + 4*l. Suppose -g + 3 = n, 4*g + s*n - 8 = g. What is the remainder when 8 is divided by g?
0
Let z(o) = -18 - 81*o**3 + 82*o**3 - 3*o - 11 + 12*o**2. What is the remainder when 11 is divided by z(-12)?
4
Let f = -4 - -8. Suppose -f*m - 12 = -2*m. Let n = m - -12. What is the remainder when 22 is divided by n?
4
Let l = 83 - 26. Suppose 0 = 5*i + 20, -55 = -4*p + 2*i + l. Let n = p + -6. What is the remainder when 78 is divided by n?
18
Suppose 79 = 7*s - 96. Suppose k + s = -4*k, -75 = -5*m - 2*k. Calculate the remainder when m is divided by (-44)/(-5) + 2/10.
8
Suppose 3*v + 3*i + 7 = 16, 4*v - i = 22. Let d(p) = p**2 - 8*p + 19. Calculate the remainder when d(v) is divided by 2.
0
Let b(x) = x**3 - 13*x**2 - 7*x. Suppose -4*m - m + j + 104 = 0, -5*j - 80 = -3*m. Calculate the remainder when b(14) is divided by m.
18
Let j = 935 - 752. What is the remainder when j is divided by 17?
13
Let y(t) = t**3 - 3*t**2 - t - 1. Let m be y(3). Let w(j) = 6*j + 8*j**2 + 7*j - 9*j + 5. What is the remainder when w(m) is divided by 30?
27
Suppose -201 + 61 = -2*x. What is the remainder when x is divided by 30?
10
Let g = -9 - -29. Suppose -k = 4*k - g. Suppose -8 - k = -2*v. Calculate the remainder when 22 is divided by v.
4
Let a(t) be the second derivative of -t**3/2 + 7*t. Let l = -22 + 19. Calculate the remainder when 25 is divided by a(l).
7
Suppose -33*m + 108 = -30*m. Calculate the remainder when 359 is divided by m.
35
Let k(h) = 5*h**2 + 6*h - 4. Let o = 23 - 26. What is the remainder when k(o) is divided by 9?
5
Let v = -21 - -64. Let n = v - 28. Suppose 2*k + 2*k + 2*t = 22, 0 = 3*t - n. What is the remainder when 5 is divided by k?
2
Calculate the remainder when 1888 is divided by -4 + 2620/24 + (-10)/60.
103
Suppose -5*m = 2*r - 1, 2*r + 4*m - 4 = -2. Calculate the remainder when 27 is divided by 4/(((-6)/(-5))/r).
7
What is the remainder when 287 is divided by (36/15)/((204/80)/17)?
15
Suppose 4*q = -3*k + 56, 30 = -5*k + 2*q + 106. Calculate the remainder when k is divided by 364/63 + 4/18.
4
Suppose -5*s + 112*p + 45 = 116*p, 2*s - 4*p = 18. Calculate the remainder when 510 is divided by s.
6
Let m(f) = f + 1. Let r be m(3). What is the remainder when 6/4 - -1 - 99/(-198) is divided by 6/r*(2 - 0)?
0
Let v = 43 - 20. Let z = -10 + 0. What is the remainder when v is divided by 4 + z/(-15)*3?
5
Let v(k) = -223*k - 452. What is the remainder when v(-18) is divided by 81?
79
Let o(u) = -u**3 + 7*u**2 - 4*u - 1. Suppose i + y + 54 = -2*y, -3*y - 93 = 2*i. Let l = 55 + i. What is the remainder when o(4) is divided by l?
15
What is the remainder when 108 is divided by (7 + -6)/((-10)/(-590))?
49
Suppose -634 = -34*t + 590. What is the remainder when 137 is divided by t?
29
Suppose 15*n - 18*n = 0. Suppose x + 4*c + 2 = n, 3*x - 5*c - 25 = 54. What is the remainder when 23 is divided by x?
5
Suppose 2*s + 18 = j - 3*s, 3*j = -5*s + 94. What is the remainder when 180 is divided by j?
12
What is the remainder when 77 is divided by (-9)/((-297)/(-110))*(-6 + 0)?
17
Suppose -5 + 29 = 2*q. Let z = -50 - -72. Calculate the remainder when z is divided by q.
10
Suppose 0 = -3*x + 139 - 4. What is the remainder when 3057 is divided by x?
42
Let a(b) = -26 + 10*b - 22*b + 8*b + 9. Let l = -17 + 7. Calculate the remainder when 68 is divided by a(l).
22
Suppose 0 = -2*k + 34 + 96. Suppose -n = 4*n - k. What is the remainder when 24 is divided by n?
11
Let a(z) = 11*z**2 + 100*z + 13. What is the remainder when 30 is divided by a(-9)?
2
Let p = 517 - 359. Calculate the remainder when p is divided by 8.
6
Let k(s) = -2*s**2 + 27*s + 28. What is the remainder when ((-159)/9)/(2/(-6)) is divided by k(14)?
11
Let i = -45 + 94. Suppose 1 = -4*o + i. Calculate the remainder when 70 is divided by o.
10
Let p(x) = -35*x + 32. Let y = -30 - -27. Suppose 2*a = 4*l - 140, l - 5*a = -0*a + 35. Calculate the remainder when p(y) is divided by l.
32
Let j(w) = w**3 - 6*w**2 - 6*w + 17. Suppose 405 = 4*g - 259. Calculate the remainder when g is divided by j(7).
22
Let d = -550 + 578. What is the remainder when 77 is divided by d?
21
Let h(i) = -i**2 + 43*i - 27. What is the remainder when h(28) is divided by 36?
33
Let t(p) = -128*p - 769. What is the remainder when t(-8) is divided by 29?
23
Let c = -33 + 37. Suppose 0 = -f, -p - 2*f - 81 = -c*p. Calculate the remainder when p is divided by 10.
7
Let s = -1113 - -1132. Calculate the remainder when 23 is divided by s.
4
Suppose r + 17*y - 20 = 14*y, 5*y + 44 = r. Calculate the remainder when 86 is divided by r.
28
Let z(u) = u + 8. Let o(t) = 14*t + 1. Suppose 4*w + 12 = 8*w. What is the remainder when o(w) is divided by z(7)?
13
Let t(w) = -w**2 - w - 2. Let k be t(0). Let q be (-1 - (-20)/12)*261/(-6). Let i = k - q. What is the remainder when i is divided by 10?
7
Suppose -11*a = 7*a - 144. Suppose 3*h - 5*z = -z, 4*z - 12 = 0. Calculate the remainder when a is divided by h.
0
Let s = 18 + 58. Let n = s + -56. Calculate the remainder when n is divided by 8.
4
Let x(c) = -3*c**3 - 8*c**2 + 0*c + 2*c**3 - 2*c - 6*c. Suppose -2*y + 29 - 9 = -5*s, 0 = 5*y - 4*s - 84. Calculate the remainder when y is divided by x(-7).
6
Let t(s) = 2*s**2 + 14*s - 20. Let r be t(-8). What is the remainder when 22 is divided by (3 + 4/r)*4?
6
Let w(i) = -i**2 + 5*i + 72. Let t be w(-7). Let k be (6/15)/((-1)/5). What is the remainder when (k + t/(-8))*-262 is divided by 33?
32
Suppose -4*y + 20*f = 25*f - 111, 0 = 3*y + 5*f - 82. Calculate the remainder when 607 is divided by y.
27
Suppose 7*a + 436 = 9*a. Let x(v) = 2*v**2 + 218*v - 3 - a*v. What is the remainder when 7 is divided by x(-2)?
2
Let q(x) = 7 + x - 3*x - 3*x. Let f be q(4). Let c = f + 30. What is the remainder when 33 is divided by c?
16
Let z(i) = i**2 + 8*i - 112. What is the remainder when z(-16) is divided by 22/2 + -2 - 2?
2
Let u = 15 - -19. Suppose 4*r = 187 + 593. Suppose 8*n = 5*n + r. Calculate the remainder when n is divided by u.
31
Let w(i) = -5*i**3 - i - 1. Suppose 0*t + 2 = -2*t. Let d(a) = -35*a - 96. Calculate the remainder when d(-3) is divided by w(t).
4
Let p(r) = -r**2 - 10*r - 6. Let k = -10 - -13. Suppose q - k = 8. Calculate the remainder when p(-6) is divided by q.
7
Let b(y) = 22*y - 13. Let q(i) = 6*i**2 - i + 1. What is the remainder when q(3) is divided by b(1)?
7
Let l(n) = -610*n - 266. What is the remainder when l(-5) is divided by 17?
13
Suppose 0 = 73*m + 18*m - 114660. What is the remainder when m is divided by 97?
96
Let c be 6/(15/(-12) + 2). Let u be 18/c + 3/(-12). Suppose u*q = 4*l + 18 + 20, -3*l - 45 = -3*q. Calculate the remainder when 21 is divided by q.
10
Suppose 4*t + n = -34, -t = -5*t + n - 38. Calculate the remainder when 119 is divided by (-40)/(-45)*-3*t.
23
What is the remainder when (-10595)/(-20) + -2*(-21)/(-56) is divided by 76?
73
Let n be (-111)/21 + (-2)/(-7). Let q = n + 7. What is the remainder when (-29*q)/(-3 - -1) is divided by 8?
5
Let h = -25 - -26. Let f(y) = 6*y**2 - 2*y + 1. Calculate the remainder when 14 is divided by f(h).
4
Let t(m) = m + 20. Let a be t(10). Let c = 43 - a. Calculate the remainder when (-904)/(-18) + 8/(-36) is divided by c.
11
Suppose -6*p = 2*p - 7*p. Suppose p = 9*d - 112 - 383. What is the remainder when d is divided by 20?
15
Let o(x) = x**3 + 8*x**2 - 10*x - 